r when z is divided by l?
8
Suppose -15*y - 77 + 2 = 0. Calculate the remainder when 10*(-12)/(-15) - y is divided by 5.
3
Suppose 65109 = 15*o - 23*s + 25*s, 0 = -s - 3. Calculate the remainder when o is divided by 189.
183
Suppose 32 = 4*o + 4*l, 8*o - 2*l - 36 = 6*o. Calculate the remainder when 503 is divided by o.
9
Let u(b) = 3*b**3 + b**2 + 3*b + 1. Let t be u(3). Let s be (t + 0)/(18/27). Suppose -s = -4*m - 58. What is the remainder when m is divided by 3?
2
Calculate the remainder when (1779/(-4))/((-296)/1184) is divided by 34.
11
Suppose -14*w + 23486 + 8329 = -19159. Calculate the remainder when w is divided by 32.
25
Let c(w) = 6*w + 2. Let a be 4894/(-16) + ((-3)/(-8))/(-3). Let y = a + 338. What is the remainder when c(10) is divided by y?
30
Suppose 0 = 3*k - 2*z - 641, 0 = 118*k - 117*k - z - 212. Let y = 24 + -14. What is the remainder when k is divided by y?
7
Let t(u) be the second derivative of -2*u**2 + 0 + 1/6*u**3 + 1/20*u**5 + 5/12*u**4 + 22*u. What is the remainder when 13 is divided by t(-4)?
5
Suppose z - 5*s - 19 = 0, -5*z + 238 = 5*z - 2*s. Suppose 31 = 5*y - 179. What is the remainder when y is divided by z?
18
Let o = 2095 + -2061. Let r(c) = c**3 + 7*c**2 - 3*c - 9. What is the remainder when o is divided by r(-7)?
10
Let n be 48/(-14) - 4*(-12)/112. Calculate the remainder when 89 is divided by (n/(-2))/1*6.
8
Let w = -8287 + 8379. Calculate the remainder when 292 is divided by w.
16
Suppose p + 3*k - 24 = 0, -334*k = -335*k + 4. Let r(w) = 2*w - 1. Let h be 1/(-2 + 7/3). What is the remainder when p is divided by r(h)?
2
Let g = 212 + -208. Suppose 2*k - 4*a - 26 = 0, -2*a = g*k + 3*a - 91. Calculate the remainder when 129 is divided by k.
15
Suppose -5*r + 140 + 125 = 0. Let p = r + -29. Let l(t) = 8*t**2 - 3*t - 10. Calculate the remainder when l(-3) is divided by p.
23
Calculate the remainder when 1062 is divided by -1*(198/(-2) - -2)*(-230 - -231).
92
Suppose 8*k + 980 = -924. Let p = -44 - k. Calculate the remainder when p is divided by 14.
12
Let a = -2481 - -2515. Suppose 4*q = -3*v + 270, 0*v = 2*q + 5*v - 142. Calculate the remainder when q is divided by a.
32
Let x(w) = 1123*w**3 + 9*w - 17. What is the remainder when x(2) is divided by 19?
17
Let g be (303/15)/(5/25). Let v = 136 - g. Let j(p) = -5*p + 2. What is the remainder when v is divided by j(-2)?
11
Suppose 2*q + 0*q = 26. Suppose -q*y + y + 48 = 0. Let k(p) = p**2 + 10*p + 21. What is the remainder when k(-2) is divided by y?
1
Let k(c) = 61*c**3 + 2*c**2 - 1. Let a(j) = j**3 + j**2 + j + 1. Let n be a(0). Let f be k(n). Calculate the remainder when 16 is divided by f/16 - (-4)/32.
0
Let p(i) = 8*i**3 + 16*i**2 - 158*i - 28. What is the remainder when p(7) is divided by 25?
19
Suppose 4*l - 1 = 7, 44 = 5*f + 2*l. Let y be 4/44 - (-486)/99. Suppose -b + 4*s = s - 4, y*b + s = 100. Calculate the remainder when b is divided by f.
3
Let r(d) = -7*d**2 - 36*d + 62. Let q(z) = 2*z**2 - z - 2. Let k(s) = 4*q(s) + r(s). Calculate the remainder when 62 is divided by k(39).
2
Let s = 3178 - 3135. What is the remainder when s is divided by 36?
7
Let t(v) = v**2 + v + 126. Let r(j) = 5*j**2 + 21*j + 6. What is the remainder when t(0) is divided by r(-5)?
22
Let q = -443 + 631. Let t = q + -171. What is the remainder when t is divided by 9?
8
Let s = 14 + -10. Let v = s - 8. What is the remainder when 1*v - (-370)/15*6 is divided by 49?
46
Let m(h) = 2*h**2 - 11*h + 8. Let l be m(5). Suppose 134 = 5*z - 4*d + 42, -5*d = -4*z + 70. Calculate the remainder when 0/(-8) + -2 + 114/l is divided by z.
16
Let r(y) = -2*y**3 - 26*y**2 - 18*y + 40. Let q be r(-12). Let i(l) = -l**3 - 30*l**2 + 62*l + 25. What is the remainder when i(q) is divided by 4?
1
Suppose -9 = -2*s + 5*r, -18*s + 13*s - 2*r = -124. What is the remainder when 1914 is divided by s?
0
Let c(z) = 137*z**2 - 196*z + 196. What is the remainder when 158 is divided by c(1)?
21
Suppose 5*n = 4*j - 1225, -j = 2*n - 3*j + 488. Let t = n - -178. Let c = 81 + t. What is the remainder when 18 is divided by c?
8
Suppose 1296 = 125*r - 116*r. Calculate the remainder when 187 is divided by 4/6*17/(102/r).
11
Let f = -64 - -64. Suppose 67*q - 68*q + 13 = f. Suppose 0 = w - 4*t - q, -2*t = -5*w + 2*t + 33. What is the remainder when 33 is divided by w?
3
Suppose 0 = 2628*c - 2642*c + 98. Calculate the remainder when 2449 is divided by c.
6
Let k(f) be the third derivative of -f**6/120 + 3*f**5/10 - 2*f**4/3 - f**3/3 - 45*f**2. What is the remainder when k(17) is divided by 7?
1
Let p be 3/2 - 6/(84/1505). Let o = p + 154. Suppose -4*n - 50 = -9*n. What is the remainder when o is divided by n?
8
Let m be 21*((-26)/(-6) - 4). Let b be m - (-2)/(-5)*10. Suppose -b*w + 60 = w. Calculate the remainder when 39 is divided by w.
9
Suppose 6*o - 10*o + 5*t + 55 = 0, 0 = t - 5. What is the remainder when (194/(-5))/((-4)/((-80)/(-4))) is divided by o?
14
Let b be 22/99 + (-1454)/(-18). Let k = -5 - -8. Suppose 129 + b = 4*s - i, -s - k*i = -46. What is the remainder when 153 is divided by s?
49
Suppose -4*u + 10845 = 5*d - 4691, -8*u = d - 3136. What is the remainder when d is divided by 14?
10
Let z be 7 - 6 - (-7 - -358). Let r = z - -641. What is the remainder when r is divided by 74?
69
Suppose 125 = -33*f + 752. Calculate the remainder when 1575 is divided by f.
17
Suppose -3*i - i + 190 = 2*h, -3*h - 2*i + 297 = 0. Let r be (-2)/2*(-22 - h). Suppose -c = -4*c + r. What is the remainder when c is divided by 14?
13
Suppose -567 = 4*i - v, 3*i + 72 = -4*v - 339. Let h = i - -145. What is the remainder when 7 is divided by h?
3
Suppose 4*z = 52 + 12. What is the remainder when 3 - (-229 + (0 - -9)) is divided by z?
15
Suppose -18*b - 32*b = 48*b - 58996. Calculate the remainder when b is divided by 294.
14
Let a(v) = 8*v + 5. Suppose -5*s = -4*c + 25, s - c + 21 = 3*c. Let h be a(s). Calculate the remainder when 16 is divided by (-32)/10*(h + 1 - 3).
0
Let h be 1911/12 - 10/(160/(-12)). Suppose 0 = 19*r + 8 - h. Let w = -76 - -129. Calculate the remainder when w is divided by r.
5
Let k be 6/(-3) - 3 - -1. Let q be (-183)/(-27) - k/18. Let n(g) = 5*g + 1. Calculate the remainder when n(q) is divided by 19.
17
Suppose 0*z = -2*z + 114. What is the remainder when z is divided by (-260)/20*((-720)/78)/8?
12
Suppose -5*n - 5*c + 1245 = 0, -4*c - 18*c = -4*n + 1048. Calculate the remainder when n is divided by 40.
11
Let v = 184 + 76. Let g(a) = -21*a**3 - 3*a**2 - 20*a - 19. Calculate the remainder when v is divided by g(-1).
13
Suppose 5*r - 114 = 4*r. Let d = -41 + r. What is the remainder when 281 is divided by d?
62
Suppose -i - 4*j + 24 = 0, 0 = -5*i - 0*i + 3*j + 5. Suppose -6 - i = -5*w. Let d = -43 + 44. What is the remainder when w is divided by d?
0
Let w(c) = 18*c**2 + 5*c - 7. Let y be w(3). Suppose -49 - y = -3*n. Let i(r) = 6*r + 3. What is the remainder when n is divided by i(2)?
13
Suppose 11*c - 6*c = 5*o + 230, -4*c + 5*o + 185 = 0. What is the remainder when 356 is divided by c?
41
Suppose -3*d - 2*d = x + 32, x + 2 = 0. Suppose -3*b = -3*u - b + 41, 4*u + 2*b - 36 = 0. What is the remainder when u is divided by ((-10)/d)/((-3)/(-9))?
1
Calculate the remainder when 71 is divided by (-6450)/(-165) - ((-64)/22 - -3).
32
Let n(z) = -58*z - 2. Let a = -5725 - -5747. Calculate the remainder when n(-3) is divided by a.
18
Let k be 6/8 + (105/(-12) - 2). Let l = 143 + -56. What is the remainder when l is divided by (-4)/2 - (-57 - k)?
42
Calculate the remainder when 3896/10 + (-3)/((-60)/(-32)*-4) is divided by 175.
40
Let a(t) = t**2 + 92*t - 2758. Calculate the remainder when 3612 is divided by a(24).
24
Let i = -38 - -48. Suppose 78 = -8*d + i*d. Suppose 5*v - d = -4. What is the remainder when 12 is divided by v?
5
Suppose s - 5*y + 2*y = 220, 2*s - 434 = 3*y. Let g = s - 153. Calculate the remainder when 239 is divided by g.
56
Let c(a) = 76*a + 143. Let v be c(-2). Let y(r) = -r**2 - 24*r - 95. Calculate the remainder when y(v) is divided by 37.
3
Let j be (0 + -3 + 6)*(-1)/(-1). Suppose -15 = -3*g - 0*k - j*k, 2*g - 9 = -k. Calculate the remainder when 11 is divided by g.
3
Let q = 3576 + -3561. What is the remainder when 22919 is divided by q?
14
Let v = -1315 - -1341. Suppose 0*m + 23 = 3*m 